{"id":35,"date":"2020-07-18T09:42:53","date_gmt":"2020-07-18T13:42:53","guid":{"rendered":"http:\/\/ve2rvl.ca\/?page_id=35"},"modified":"2026-02-06T07:11:20","modified_gmt":"2026-02-06T12:11:20","slug":"mot-du-president","status":"publish","type":"page","link":"http:\/\/ve2rvl.ca\/index.php\/le-club\/mot-du-president\/","title":{"rendered":"Adh\u00e9sion"},"content":{"rendered":"\t\t<div data-elementor-type=\"wp-page\" data-elementor-id=\"35\" class=\"elementor elementor-35\">\n\t\t\t\t\t\t<section class=\"elementor-section elementor-top-section elementor-element elementor-element-1b482b71 elementor-section-full_width elementor-section-content-top elementor-section-stretched elementor-section-height-default elementor-section-height-default\" data-id=\"1b482b71\" data-element_type=\"section\" data-e-type=\"section\" data-settings=\"{&quot;background_background&quot;:&quot;gradient&quot;,&quot;stretch_section&quot;:&quot;section-stretched&quot;}\">\n\t\t\t\t\t\t\t<div class=\"elementor-background-overlay\"><\/div>\n\t\t\t\t\t\t\t<div class=\"elementor-container elementor-column-gap-default\">\n\t\t\t\t\t<div class=\"elementor-column elementor-col-100 elementor-top-column elementor-element elementor-element-43cf55a5\" data-id=\"43cf55a5\" data-element_type=\"column\" data-e-type=\"column\" data-settings=\"{&quot;background_background&quot;:&quot;classic&quot;}\">\n\t\t\t<div class=\"elementor-widget-wrap elementor-element-populated\">\n\t\t\t\t\t<div class=\"elementor-background-overlay\"><\/div>\n\t\t\t\t\t\t<div class=\"elementor-element elementor-element-6b77a0b elementor-widget elementor-widget-heading\" data-id=\"6b77a0b\" data-element_type=\"widget\" data-e-type=\"widget\" data-widget_type=\"heading.default\">\n\t\t\t\t<div class=\"elementor-widget-container\">\n\t\t\t\t\t<h2 class=\"elementor-heading-title elementor-size-default\">Adh\u00e9sion au Club Station R\u00e9p\u00e9titrice de Laval VE2RVL<\/h2>\t\t\t\t<\/div>\n\t\t\t\t<\/div>\n\t\t\t\t<div class=\"elementor-element elementor-element-30a2c8d elementor-widget elementor-widget-spacer\" data-id=\"30a2c8d\" data-element_type=\"widget\" data-e-type=\"widget\" data-widget_type=\"spacer.default\">\n\t\t\t\t<div class=\"elementor-widget-container\">\n\t\t\t\t\t\t\t<div class=\"elementor-spacer\">\n\t\t\t<div class=\"elementor-spacer-inner\"><\/div>\n\t\t<\/div>\n\t\t\t\t\t\t<\/div>\n\t\t\t\t<\/div>\n\t\t\t\t<div class=\"elementor-element elementor-element-29b476e elementor-widget elementor-widget-text-editor\" data-id=\"29b476e\" data-element_type=\"widget\" data-e-type=\"widget\" data-widget_type=\"text-editor.default\">\n\t\t\t\t<div class=\"elementor-widget-container\">\n\t\t\t\t\t\t\t\t\t<p>Bienvenue cher Radio-amateur,\u00a0 \u00e9couteur et futur Radio-amateur.<\/p><p>Afin de poursuivre nos rencontres et activit\u00e9s pour lesquels vous \u00eates cordialement invit\u00e9s, nous sollicitons votre encouragement afin de renouveler votre adh\u00e9sion au co\u00fbt annuel de $30.00.<\/p><p>Cette adh\u00e9sion \u00e0 notre club vous donne automatiquement acc\u00e8s aux services et abonnement au bulletin de RAQI sans frais additionnel.<\/p><p>Ci-dessous la marche \u00e0 suivre afin d&rsquo;adh\u00e9rer au Club Station R\u00e9p\u00e9titrice de Laval VE2RVL<\/p><p>Nous vous invitons \u00e0 remplir le formulaire pdf suivant:<\/p>\t\t\t\t\t\t\t\t<\/div>\n\t\t\t\t<\/div>\n\t\t\t\t<section class=\"elementor-section elementor-inner-section elementor-element elementor-element-e14b054 elementor-section-boxed elementor-section-height-default elementor-section-height-default\" data-id=\"e14b054\" data-element_type=\"section\" data-e-type=\"section\">\n\t\t\t\t\t\t<div class=\"elementor-container elementor-column-gap-default\">\n\t\t\t\t\t<div class=\"elementor-column elementor-col-100 elementor-inner-column elementor-element elementor-element-93c4811\" data-id=\"93c4811\" data-element_type=\"column\" data-e-type=\"column\">\n\t\t\t<div class=\"elementor-widget-wrap elementor-element-populated\">\n\t\t\t\t\t\t<div class=\"elementor-element elementor-element-3d9a1c3 elementor-widget elementor-widget-button\" data-id=\"3d9a1c3\" data-element_type=\"widget\" data-e-type=\"widget\" data-widget_type=\"button.default\">\n\t\t\t\t<div class=\"elementor-widget-container\">\n\t\t\t\t\t\t\t\t\t<div class=\"elementor-button-wrapper\">\n\t\t\t\t\t<a class=\"elementor-button elementor-button-link elementor-size-md\" href=\"http:\/\/ve2rvl.ca\/wp-content\/uploads\/2023\/01\/Formulaire_2023_V2.pdf\">\n\t\t\t\t\t\t<span class=\"elementor-button-content-wrapper\">\n\t\t\t\t\t\t\t\t\t<span class=\"elementor-button-text\">Formulation Adh\u00e9sion <\/span>\n\t\t\t\t\t<\/span>\n\t\t\t\t\t<\/a>\n\t\t\t\t<\/div>\n\t\t\t\t\t\t\t\t<\/div>\n\t\t\t\t<\/div>\n\t\t\t\t\t<\/div>\n\t\t<\/div>\n\t\t\t\t\t<\/div>\n\t\t<\/section>\n\t\t\t\t<div class=\"elementor-element elementor-element-0f9f96a elementor-widget elementor-widget-text-editor\" data-id=\"0f9f96a\" data-element_type=\"widget\" data-e-type=\"widget\" data-widget_type=\"text-editor.default\">\n\t\t\t\t<div class=\"elementor-widget-container\">\n\t\t\t\t\t\t\t\t\t<p>\u00a0<\/p><p>\u00a0et le retourner \u00e0 ve2rvl@hotmail.com o\u00f9 par courrier postal \u00e0 l&rsquo;adresse mentionn\u00e9e plus bas.<\/p><p>Mode de paiement\u00a0;<\/p><p>\u2022 Choix 1:<\/p><p style=\"padding-left: 40px;\">Effectuer un virement Interac de $30.00 \u00e0 notre tr\u00e9sorier Simon Burgy via son courriel ve2bur@hotmail.com . Mentionner vos lettres d&rsquo;appel et votre nom. Si une question de s\u00e9curit\u00e9 doit lui \u00eatre pos\u00e9, faire un second courriel avec la r\u00e9ponse.<\/p><p>\u2022 Choix 2:<\/p><p style=\"padding-left: 40px;\">Envoyer un ch\u00eaque de $30.00 libell\u00e9 au nom de;<br \/>Station R\u00e9p\u00e9titrice de Laval VE2RVL<br \/>inscrire au verso\u00a0 vos lettres d&rsquo;appel et votre nom<br \/>et l&rsquo;exp\u00e9dier par la poste \u00e0 l&rsquo;attention de ;<br \/>Club Station R\u00e9p\u00e9titrice de Laval VE2RVL<br \/>407 De Bologne, Laval, H7K 3H6<\/p><p>Votre carte de membre vous sera remise lors d&rsquo;une r\u00e9union mensuelle du mardi soir au centre Le Sorbier.\u00a0 \u00a0 Toutefois si vous\u00a0 d\u00e9sirez recevoir votre\u00a0 carte par la poste,, veuillez exp\u00e9dier lors de votre adh\u00e9sion, une enveloppe pr\u00e9-affranchie avec vos coordonn\u00e9es personnelles \u00e0;<br \/>Club Station R\u00e9p\u00e9titrice de Laval \u00a0VE2RVL<br \/>407 De Bologne, Laval, H7K 3H6<\/p><p>Nous vous remercions de votre soutien.<br \/>Au plaisir de fraterniser avec vous, bon 73.-<\/p>\t\t\t\t\t\t\t\t<\/div>\n\t\t\t\t<\/div>\n\t\t\t\t\t<\/div>\n\t\t<\/div>\n\t\t\t\t\t<\/div>\n\t\t<\/section>\n\t\t\t\t<\/div>\n\t\t","protected":false},"excerpt":{"rendered":"<p>Adh\u00e9sion au Club Station R\u00e9p\u00e9titrice de Laval VE2RVL Bienvenue cher Radio-amateur,\u00a0 \u00e9couteur et futur Radio-amateur. Afin de poursuivre nos rencontres et activit\u00e9s pour lesquels vous&hellip;<\/p>\n","protected":false},"author":1,"featured_media":0,"parent":21,"menu_order":0,"comment_status":"closed","ping_status":"closed","template":"","meta":{"footnotes":""},"class_list":["post-35","page","type-page","status-publish","hentry"],"_links":{"self":[{"href":"http:\/\/ve2rvl.ca\/index.php\/wp-json\/wp\/v2\/pages\/35","targetHints":{"allow":["GET"]}}],"collection":[{"href":"http:\/\/ve2rvl.ca\/index.php\/wp-json\/wp\/v2\/pages"}],"about":[{"href":"http:\/\/ve2rvl.ca\/index.php\/wp-json\/wp\/v2\/types\/page"}],"author":[{"embeddable":true,"href":"http:\/\/ve2rvl.ca\/index.php\/wp-json\/wp\/v2\/users\/1"}],"replies":[{"embeddable":true,"href":"http:\/\/ve2rvl.ca\/index.php\/wp-json\/wp\/v2\/comments?post=35"}],"version-history":[{"count":68,"href":"http:\/\/ve2rvl.ca\/index.php\/wp-json\/wp\/v2\/pages\/35\/revisions"}],"predecessor-version":[{"id":2982,"href":"http:\/\/ve2rvl.ca\/index.php\/wp-json\/wp\/v2\/pages\/35\/revisions\/2982"}],"up":[{"embeddable":true,"href":"http:\/\/ve2rvl.ca\/index.php\/wp-json\/wp\/v2\/pages\/21"}],"wp:attachment":[{"href":"http:\/\/ve2rvl.ca\/index.php\/wp-json\/wp\/v2\/media?parent=35"}],"curies":[{"name":"wp","href":"https:\/\/api.w.org\/{rel}","templated":true}]}}